, 37, 54617
List the prime factors of 488158.
2, 11, 22189
List the prime factors of 1763177.
13, 10433
What are the prime factors of 209927?
209927
List the prime factors of 21272869.
89, 479, 499
List the prime factors of 464707.
443, 1049
What are the prime factors of 425093?
37, 11489
List the prime factors of 1148404.
2, 53, 5417
What are the prime factors of 761010?
2, 3, 5, 25367
What are the prime factors of 96394?
2, 48197
List the prime factors of 30710720.
2, 5, 95971
List the prime factors of 1169081.
1169081
List the prime factors of 2432364.
2, 3, 11, 18427
What are the prime factors of 885070?
2, 5, 67, 1321
List the prime factors of 80474.
2, 40237
What are the prime factors of 8589913?
17, 439, 1151
What are the prime factors of 9804141?
3, 23, 47363
List the prime factors of 1567660.
2, 5, 103, 761
List the prime factors of 2632831.
2632831
What are the prime factors of 24061316?
2, 113, 53233
What are the prime factors of 329737?
149, 2213
List the prime factors of 2305406.
2, 241, 4783
List the prime factors of 1571038.
2, 7, 17, 23, 41
List the prime factors of 508199.
619, 821
List the prime factors of 4440.
2, 3, 5, 37
List the prime factors of 15888.
2, 3, 331
List the prime factors of 5913361.
29, 203909
List the prime factors of 5171150.
2, 5, 103423
List the prime factors of 45483.
3, 15161
What are the prime factors of 1898904?
2, 3, 7, 89, 127
What are the prime factors of 6453134?
2, 1549, 2083
What are the prime factors of 2852583?
3, 17, 55933
What are the prime factors of 1472328?
2, 3, 11, 13
List the prime factors of 431735.
5, 79, 1093
List the prime factors of 15729643.
61, 257863
What are the prime factors of 6578485?
5, 1315697
List the prime factors of 1775201.
1775201
List the prime factors of 6678100.
2, 5, 11, 13, 467
List the prime factors of 13034167.
31, 420457
What are the prime factors of 737425?
5, 13, 2269
List the prime factors of 17649463.
13, 1357651
What are the prime factors of 490771?
490771
List the prime factors of 171494.
2, 19, 4513
List the prime factors of 17118478.
2, 13, 658403
List the prime factors of 3430012.
2, 109, 7867
List the prime factors of 220368.
2, 3, 4591
List the prime factors of 1465568.
2, 13, 271
List the prime factors of 545672.
2, 68209
List the prime factors of 16639332.
2, 3, 1386611
List the prime factors of 306222.
2, 3, 7, 23, 317
What are the prime factors of 22987707?
3, 229, 33461
List the prime factors of 2183283.
3, 367, 661
List the prime factors of 105158.
2, 52579
What are the prime factors of 1263899?
7, 13, 17, 19, 43
List the prime factors of 11313935.
5, 347, 6521
List the prime factors of 124853.
124853
List the prime factors of 13256005.
5, 7, 17, 22279
List the prime factors of 6347202.
2, 3, 37, 28591
What are the prime factors of 5268968?
2, 101, 6521
List the prime factors of 401100.
2, 3, 5, 7, 191
What are the prime factors of 2470013?
7, 13, 27143
List the prime factors of 7902160.
2, 5, 7, 103, 137
What are the prime factors of 246434?
2, 123217
List the prime factors of 3525132.
2, 3, 13, 59, 383
List the prime factors of 4150647.
3, 461183
List the prime factors of 4934533.
4934533
What are the prime factors of 8102423?
7, 1157489
What are the prime factors of 5637?
3, 1879
List the prime factors of 27643749.
3, 7, 223, 5903
List the prime factors of 276928.
2, 4327
List the prime factors of 3100357.
13, 71, 3359
List the prime factors of 353884.
2, 88471
List the prime factors of 13634335.
5, 11, 13, 19069
What are the prime factors of 43824370?
2, 5, 4382437
What are the prime factors of 276854?
2, 138427
What are the prime factors of 3106448?
2, 31, 6263
List the prime factors of 1400141.
1400141
List the prime factors of 15814768.
2, 823, 1201
What are the prime factors of 198936?
2, 3, 307
List the prime factors of 7343636.
2, 1835909
List the prime factors of 130046.
2, 7, 1327
List the prime factors of 216312.
2, 3, 9013
What are the prime factors of 59589?
3, 2207
List the prime factors of 6467979.
3, 7, 67, 4597
What are the prime factors of 325375?
5, 19, 137
What are the prime factors of 127307?
61, 2087
What are the prime factors of 2163284?
2, 17, 29, 1097
What are the prime factors of 44300338?
2, 22150169
What are the prime factors of 1364565?
3, 5, 90971
List the prime factors of 1571374.
2, 7, 112241
What are the prime factors of 867532?
2, 73, 2971
What are the prime factors of 3457158?
2, 3, 576193
List the prime factors of 50218.
2, 7, 17, 211
What are the prime factors of 424892?
2, 13, 8171
What are the prime factors of 420546?
2, 3, 7, 17, 19, 31
What are the prime factors of 8487526?
2, 53, 80071
What are the prime factors of 3520741?
7, 113, 4451
List the prime factors of 134280.
2, 3, 5, 373
What are the prime factors of 629781?
3, 209927
What are the prime factors of 4072873?
7, 31, 137
What are the prime factors of 11981128?
2, 31, 48311
List the prime factors of 842923.
842923
List the prime factors of 5510118.
2, 3, 918353
What are the prime factors of 571030?
2, 5, 17, 3359
List the prime factors of 4074429.
3, 1358143
List the prime factors of 9616315.
5, 1923263
List the prime factors of 23802402.
2, 3, 13, 19, 16061
List the prime factors of 436364.
2, 43, 59
List the prime factors of 553413.
3, 7, 19, 73
List the prime factors of 9586752.
2, 3, 7, 1019
List the prime factors of 5245786.
2, 7, 13, 19, 37, 41
List the prime factors of 26167055.
5, 5233411
List the prime factors of 359770.
2, 5, 35977
List the prime factors of 4761945.
3, 5, 29, 41, 89
What are the prime factors of 5367321?
3, 596369
List the prime factors of 680924.
2, 170231
List the prime factors of 111457.
227, 491
What are the prime factors of 278126?
2, 59, 2357
What are the prime factors of 5699014?
2, 2849507
List the prime factors of 53581.
11, 4871
What are the prime factors of 1152189?
3, 128021
List the prime factors of 117857.
19, 6203
What are the prime factors of 16786872?
2, 3, 23, 31, 109
What are the prime factors of 12135740?
2, 5, 599, 1013
What are the prime factors of 31839545?
5, 6367909
List the prime factors of 1058478.
2, 3, 176413
List the prime factors of 1891545.
3, 5, 19, 6637
List the prime factors of 15190145.
5, 739, 4111
What are the prime factors of 891408?
2, 3, 7, 379
List the prime factors of 777653.
23, 33811
List the prime factors of 103733.
7, 29, 73
What are the prime factors of 784240?
2, 5, 9803
List the prime factors of 5679767.
131, 191, 227
What are the prime factors of 405942?
2, 3, 29, 2333
What are the prime factors of 9951742?
2, 37, 181, 743
List the prime factors of 201531.
3, 11, 31, 197
List the prime factors of 83323.
97, 859
List the prime factors of 210448.
2, 7, 1879
What are the prime factors of 5472339?
3, 1824113
What are the prime factors of 235616?
2, 37, 199
List the prime factors of 3723622.
2, 7, 47, 5659
List the prime factors of 19734439.
137, 283, 509
List the prime factors of 3185120.
2, 5, 17, 1171
What are the prime factors of 102038?
2, 163, 313
List the prime factors of 5841551.
2239, 2609
List the prime factors of 7125096.
2, 3, 11, 137, 197
What are the prime factors of 483632?
2, 167, 181
What are the prime factors of 606336?
2, 3, 1579
List the prime factors of 2662644.
2, 3, 47, 4721
What are the prime factors of 118591?
11, 10781
List the prime factors of 9492.
2, 3, 7, 113
What are the prime factors of 1235764?
2, 17, 1069
What are the prime factors of 375740?
2, 5, 18787
List the prime factors of 63673.
41, 1553
What are the prime factors of 329138?
2, 164569
List the prime factors of 396774.
2, 3, 7, 47, 67
List the prime factors of 11275136.
2, 59, 1493
List the prime factors of 10245997.
19, 43, 12541
List the prime factors of 2979660.
2, 3, 5, 53, 937
What are the prime factors of 1535264?
2, 47977
List the prime factors of 885672.
2, 3, 12301
List the prime factors of 6635774.
2, 3317887
What are the prime factors of 3213992?
2, 43, 9343
What are the prime factors of 1432425?
3, 5, 71, 269
List the prime factors of 25132.
2, 61, 103
List the prime factors of 575080.
2, 5, 11, 1307
What are the prime factors of 855320?
2, 5, 21383
List the prime factors of 10183785.
3, 5, 29, 41, 571
List the prime factors of 3148452.
2, 3, 19, 4603
List the pr